Last updated on 2023-12-07 16:49:46 CET.
Flavor | Version | Tinstall | Tcheck | Ttotal | Status | Flags |
---|---|---|---|---|---|---|
r-devel-linux-x86_64-debian-clang | 5.0.1 | 156.91 | 600.07 | 756.98 | NOTE | |
r-devel-linux-x86_64-debian-gcc | 5.0.1 | 118.65 | 446.20 | 564.85 | NOTE | |
r-devel-linux-x86_64-fedora-clang | 5.0.1 | 1037.72 | NOTE | |||
r-devel-linux-x86_64-fedora-gcc | 5.0.1 | 1001.79 | NOTE | |||
r-devel-windows-x86_64 | 5.0.1 | 125.00 | 621.00 | 746.00 | NOTE | |
r-patched-linux-x86_64 | 5.0.1 | 159.69 | 586.57 | 746.26 | NOTE | |
r-release-linux-x86_64 | 5.0.1 | 100.81 | 570.09 | 670.90 | NOTE | |
r-release-macos-arm64 | 5.0.1 | 225.00 | NOTE | |||
r-release-macos-x86_64 | 5.0.1 | 766.00 | NOTE | |||
r-release-windows-x86_64 | 5.0.1 | 170.00 | 1320.00 | 1490.00 | NOTE | |
r-oldrel-macos-arm64 | 5.0.1 | 222.00 | NOTE | |||
r-oldrel-macos-x86_64 | 4.4.0 | 11.00 | ERROR | |||
r-oldrel-windows-x86_64 | 5.0.1 | 168.00 | 719.00 | 887.00 | NOTE |
Version: 5.0.1
Check: package dependencies
Result: NOTE
Packages suggested but not available for checking:
'BPCells', 'monocle', 'presto'
Flavors: r-devel-linux-x86_64-debian-clang, r-devel-linux-x86_64-debian-gcc, r-devel-linux-x86_64-fedora-gcc, r-patched-linux-x86_64, r-release-linux-x86_64, r-release-macos-arm64, r-release-macos-x86_64, r-oldrel-macos-arm64
Version: 5.0.1
Check: package dependencies
Result: NOTE
Packages suggested but not available for checking:
'BPCells', 'monocle', 'presto'
Imports includes 47 non-default packages.
Importing from so many packages makes the package vulnerable to any of
them becoming unavailable. Move as many as possible to Suggests and
use conditionally.
Flavor: r-devel-linux-x86_64-fedora-clang
Version: 5.0.1
Check: Rd cross-references
Result: NOTE
Undeclared package ‘Signac’ in Rd xrefs
Flavor: r-devel-linux-x86_64-fedora-clang
Version: 5.0.1
Check: package dependencies
Result: NOTE
Packages suggested but not available for checking: 'BPCells', 'presto'
Flavors: r-devel-windows-x86_64, r-release-windows-x86_64, r-oldrel-windows-x86_64
Version: 5.0.1
Check: installed package size
Result: NOTE
installed size is 10.3Mb
sub-directories of 1Mb or more:
R 2.0Mb
libs 7.4Mb
Flavors: r-release-macos-arm64, r-release-macos-x86_64, r-oldrel-macos-arm64
Version: 4.4.0
Check: package dependencies
Result: ERROR
Package required and available but unsuitable version: ‘SeuratObject’
See section ‘The DESCRIPTION file’ in the ‘Writing R Extensions’
manual.
Flavor: r-oldrel-macos-x86_64