CRAN Package Check Results for Package SeqKat

Last updated on 2020-08-13 15:51:20 CEST.

Flavor Version Tinstall Tcheck Ttotal Status Flags
r-devel-linux-x86_64-debian-clang 0.0.8 33.08 43.62 76.70 OK
r-devel-linux-x86_64-debian-gcc 0.0.8 21.72 33.87 55.59 OK
r-devel-linux-x86_64-fedora-clang 0.0.8 113.84 OK
r-devel-linux-x86_64-fedora-gcc 0.0.8 98.87 OK
r-devel-windows-ix86+x86_64 0.0.8 98.00 90.00 188.00 NOTE
r-patched-linux-x86_64 0.0.8 24.58 43.86 68.44 OK
r-patched-solaris-x86 0.0.8 109.30 OK
r-release-linux-x86_64 0.0.8 25.07 44.35 69.42 OK
r-release-macos-x86_64 0.0.8 OK
r-release-windows-ix86+x86_64 0.0.8 101.00 120.00 221.00 NOTE
r-oldrel-macos-x86_64 0.0.8 OK
r-oldrel-windows-ix86+x86_64 0.0.8 62.00 85.00 147.00 NOTE

Check Details

Version: 0.0.8
Check: package dependencies
Result: NOTE
    Package suggested but not available for checking: 'doMC'
Flavors: r-devel-windows-ix86+x86_64, r-release-windows-ix86+x86_64, r-oldrel-windows-ix86+x86_64