Last updated on 2023-11-28 16:48:33 CET.
Flavor | Version | Tinstall | Tcheck | Ttotal | Status | Flags |
---|---|---|---|---|---|---|
r-devel-linux-x86_64-debian-clang | 1.26 | 23.89 | 198.90 | 222.79 | NOTE | |
r-devel-linux-x86_64-debian-gcc | 1.26 | 19.37 | 142.36 | 161.73 | NOTE | |
r-devel-linux-x86_64-fedora-clang | 1.27 | 292.01 | OK | |||
r-devel-linux-x86_64-fedora-gcc | 1.26 | 276.37 | NOTE | |||
r-devel-windows-x86_64 | 1.26 | 24.00 | 163.00 | 187.00 | NOTE | |
r-patched-linux-x86_64 | 1.26 | 28.50 | 185.41 | 213.91 | NOTE | |
r-release-linux-x86_64 | 1.26 | 18.27 | 187.80 | 206.07 | NOTE | |
r-release-macos-arm64 | 1.26 | 74.00 | NOTE | |||
r-release-macos-x86_64 | 1.26 | 125.00 | NOTE | |||
r-release-windows-x86_64 | 1.26 | 32.00 | 202.00 | 234.00 | NOTE | |
r-oldrel-macos-arm64 | 1.26 | 51.00 | OK | |||
r-oldrel-macos-x86_64 | 1.26 | 98.00 | OK | |||
r-oldrel-windows-x86_64 | 1.26 | 33.00 | 204.00 | 237.00 | OK |
Version: 1.26
Check: Rd files
Result: NOTE
checkRd: (-1) fahst.rd:39: Escaped LaTeX specials: \^
checkRd: (-1) fahst.rd:36: Escaped LaTeX specials: \^
checkRd: (-1) fasnt.rd:46: Escaped LaTeX specials: \^
checkRd: (-1) fasnt.rd:42: Escaped LaTeX specials: \^
checkRd: (-1) fasnt.rd:43: Escaped LaTeX specials: \^
checkRd: (-1) fast.Rd:49: Escaped LaTeX specials: \^
checkRd: (-1) fast.Rd:44: Escaped LaTeX specials: \^
checkRd: (-1) fast.Rd:45: Escaped LaTeX specials: \^
checkRd: (-1) fast.Rd:46: Escaped LaTeX specials: \^
checkRd: (-1) hsortplot.rd:24: Escaped LaTeX specials: \^
checkRd: (-1) nappesortplot.Rd:30: Escaped LaTeX specials: \^
checkRd: (-1) nappesortplot.Rd:28: Escaped LaTeX specials: \^
checkRd: (-1) plot.fahst.rd:45: Escaped LaTeX specials: \^
checkRd: (-1) plot.fasnt.Rd:47: Escaped LaTeX specials: \^
checkRd: (-1) plot.fast.Rd:45: Escaped LaTeX specials: \^
checkRd: (-1) print.fahst.rd:22: Escaped LaTeX specials: \^
checkRd: (-1) print.fasnt.Rd:22: Escaped LaTeX specials: \^
checkRd: (-1) print.fast.Rd:22: Escaped LaTeX specials: \^
Flavors: r-devel-linux-x86_64-debian-clang, r-devel-linux-x86_64-debian-gcc, r-devel-linux-x86_64-fedora-gcc, r-devel-windows-x86_64, r-patched-linux-x86_64, r-release-linux-x86_64, r-release-macos-arm64, r-release-macos-x86_64, r-release-windows-x86_64