CRAN Package Check Results for Package SemiCompRisks

Last updated on 2020-08-15 03:48:19 CEST.

Flavor Version Tinstall Tcheck Ttotal Status Flags
r-devel-linux-x86_64-debian-clang 3.3 61.44 125.17 186.61 OK
r-devel-linux-x86_64-debian-gcc 3.3 62.72 93.41 156.13 OK
r-devel-linux-x86_64-fedora-clang 3.3 235.41 OK
r-devel-linux-x86_64-fedora-gcc 3.3 251.27 OK
r-devel-windows-ix86+x86_64 3.3 196.00 156.00 352.00 OK
r-patched-linux-x86_64 3.3 68.99 125.99 194.98 OK
r-patched-solaris-x86 3.3 376.30 OK
r-release-linux-x86_64 3.3 64.10 124.78 188.88 OK
r-release-macos-x86_64 3.3 NOTE
r-release-windows-ix86+x86_64 3.3 193.00 156.00 349.00 OK
r-oldrel-macos-x86_64 3.3 NOTE
r-oldrel-windows-ix86+x86_64 3.3 135.00 200.00 335.00 OK

Check Details

Version: 3.3
Check: installed package size
Result: NOTE
     installed size is 6.5Mb
     sub-directories of 1Mb or more:
     libs 5.5Mb
Flavors: r-release-macos-x86_64, r-oldrel-macos-x86_64