CRAN Package Check Results for Package SelectionBias

Last updated on 2024-06-13 16:49:25 CEST.

Flavor Version Tinstall Tcheck Ttotal Status Flags
r-devel-linux-x86_64-debian-clang 2.0.0 3.19 53.95 57.14 OK
r-devel-linux-x86_64-debian-gcc 2.0.0 0.42 1.82 2.24 ERROR
r-devel-linux-x86_64-fedora-clang 2.0.0 72.51 OK
r-devel-linux-x86_64-fedora-gcc 2.0.0 81.38 OK
r-devel-windows-x86_64 2.0.0 4.00 61.00 65.00 OK
r-patched-linux-x86_64 2.0.0 4.11 51.86 55.97 OK
r-release-linux-x86_64 2.0.0 4.30 51.26 55.56 OK
r-release-macos-arm64 2.0.0 31.00 OK
r-release-macos-x86_64 2.0.0 46.00 OK
r-release-windows-x86_64 2.0.0 5.00 63.00 68.00 OK
r-oldrel-macos-arm64 2.0.0 34.00 OK
r-oldrel-macos-x86_64 2.0.0 73.00 OK
r-oldrel-windows-x86_64 2.0.0 6.00 65.00 71.00 OK

Check Details

Version: 2.0.0
Check: package dependencies
Result: ERROR Package required but not available: ‘arm’ Package suggested but not available for checking: ‘testthat’ See section ‘The DESCRIPTION file’ in the ‘Writing R Extensions’ manual. Flavor: r-devel-linux-x86_64-debian-gcc