Last updated on 2023-12-09 16:49:33 CET.
Flavor | Version | Tinstall | Tcheck | Ttotal | Status | Flags |
---|---|---|---|---|---|---|
r-devel-linux-x86_64-debian-clang | 1.0.0 | 2.93 | 39.55 | 42.48 | NOTE | |
r-devel-linux-x86_64-debian-gcc | 1.0.0 | 2.45 | 30.82 | 33.27 | NOTE | |
r-devel-linux-x86_64-fedora-clang | 1.0.0 | 52.27 | OK | |||
r-devel-linux-x86_64-fedora-gcc | 1.0.0 | 63.24 | OK | |||
r-devel-windows-x86_64 | 1.0.0 | 3.00 | 52.00 | 55.00 | OK | |
r-patched-linux-x86_64 | 1.0.0 | 3.16 | 39.07 | 42.23 | OK | |
r-release-linux-x86_64 | 1.0.0 | 1.90 | 38.22 | 40.12 | OK | |
r-release-macos-arm64 | 1.0.0 | 30.00 | OK | |||
r-release-macos-x86_64 | 1.0.0 | 40.00 | OK | |||
r-release-windows-x86_64 | 1.0.0 | 5.00 | 56.00 | 61.00 | OK | |
r-oldrel-macos-arm64 | 1.0.0 | 21.00 | OK | |||
r-oldrel-macos-x86_64 | 1.0.0 | 29.00 | OK | |||
r-oldrel-windows-x86_64 | 1.0.0 | 4.00 | 58.00 | 62.00 | OK |
Version: 1.0.0
Check: Rd files
Result: NOTE
checkRd: (-1) SVbound.Rd:26: Lost braces; missing escapes or markup?
26 | \item{RR_UY_T1}{Input value. The sensitivity parameter RR_{UY|T=1}. Must be
| ^
checkRd: (-1) SVbound.Rd:29: Lost braces; missing escapes or markup?
29 | \item{RR_UY_T0}{Input value. The sensitivity parameter RR_{UY|T=0}. Must be
| ^
checkRd: (-1) SVbound.Rd:32: Lost braces; missing escapes or markup?
32 | \item{RR_SU_T1}{Input value. The sensitivity parameter RR_{SU|T=1}. Must be
| ^
checkRd: (-1) SVbound.Rd:35: Lost braces; missing escapes or markup?
35 | \item{RR_SU_T0}{Input value. The sensitivity parameter RR_{SU|T=0}. Must be
| ^
checkRd: (-1) SVbound.Rd:38: Lost braces; missing escapes or markup?
38 | \item{RR_UY_S1}{Input value. The sensitivity parameter RR_{UY|S=1}. Must be
| ^
checkRd: (-1) SVbound.Rd:41: Lost braces; missing escapes or markup?
41 | \item{RR_TU_S1}{Input value. The sensitivity parameter RR_{TU|S=1}. Must be
| ^
Flavors: r-devel-linux-x86_64-debian-clang, r-devel-linux-x86_64-debian-gcc