CRAN Package Check Results for Package SUMMER

Last updated on 2024-03-05 04:57:52 CET.

Flavor Version Tinstall Tcheck Ttotal Status Flags
r-devel-linux-x86_64-debian-clang 1.3.0 23.10 160.04 183.14 NOTE
r-devel-linux-x86_64-debian-gcc 1.4.0 45.42 313.14 358.56 NOTE
r-devel-linux-x86_64-fedora-clang 1.4.0 593.57 NOTE
r-devel-linux-x86_64-fedora-gcc 1.4.0 579.85 OK
r-devel-windows-x86_64 1.4.0 48.00 291.00 339.00 NOTE
r-patched-linux-x86_64 1.3.0 24.33 158.16 182.49 NOTE
r-release-linux-x86_64 1.4.0 36.10 418.53 454.63 NOTE
r-release-macos-arm64 1.4.0 141.00 NOTE
r-release-macos-x86_64 1.4.0 293.00 NOTE
r-release-windows-x86_64 1.4.0 51.00 358.00 409.00 NOTE
r-oldrel-macos-arm64 1.4.0 137.00 NOTE
r-oldrel-windows-x86_64 1.4.0 62.00 335.00 397.00 NOTE

Check Details

Version: 1.3.0
Check: package dependencies
Result: NOTE Package suggested but not available for checking: ‘INLA’ Flavors: r-devel-linux-x86_64-debian-clang, r-patched-linux-x86_64

Version: 1.3.0
Check: Rd files
Result: NOTE checkRd: (-1) plot.SUMMERproj.Rd:62: Lost braces in \itemize; meant \describe ? checkRd: (-1) plot.SUMMERproj.Rd:63: Lost braces in \itemize; meant \describe ? checkRd: (-1) plot.SUMMERproj.Rd:64: Lost braces in \itemize; meant \describe ? Flavor: r-devel-linux-x86_64-debian-clang

Version: 1.4.0
Check: package dependencies
Result: NOTE Package suggested but not available for checking: ‘INLA’ Flavors: r-devel-linux-x86_64-debian-gcc, r-release-linux-x86_64, r-release-macos-arm64, r-release-macos-x86_64, r-release-windows-x86_64, r-oldrel-macos-arm64, r-oldrel-windows-x86_64

Version: 1.4.0
Check: installed package size
Result: NOTE installed size is 5.7Mb sub-directories of 1Mb or more: data 1.8Mb doc 3.1Mb Flavors: r-devel-linux-x86_64-fedora-clang, r-devel-windows-x86_64, r-release-macos-arm64, r-release-macos-x86_64, r-release-windows-x86_64, r-oldrel-macos-arm64, r-oldrel-windows-x86_64