CRAN Package Check Results for Package STAT

Last updated on 2020-08-11 15:48:53 CEST.

Flavor Version Tinstall Tcheck Ttotal Status Flags
r-devel-linux-x86_64-debian-clang 0.1.0 2.17 17.77 19.94 OK
r-devel-linux-x86_64-debian-gcc 0.1.0 0.22 1.84 2.06 ERROR
r-devel-linux-x86_64-fedora-clang 0.1.0 33.08 NOTE
r-devel-linux-x86_64-fedora-gcc 0.1.0 23.20 NOTE
r-devel-windows-ix86+x86_64 0.1.0 21.00 39.00 60.00 OK
r-patched-linux-x86_64 0.1.0 1.64 17.75 19.39 OK
r-patched-solaris-x86 0.1.0 37.90 NOTE
r-release-linux-x86_64 0.1.0 0.26 2.27 2.53 ERROR
r-release-macos-x86_64 0.1.0 NOTE
r-release-windows-ix86+x86_64 0.1.0 19.00 47.00 66.00 OK
r-oldrel-macos-x86_64 0.1.0 NOTE
r-oldrel-windows-ix86+x86_64 0.1.0 6.00 29.00 35.00 OK

Check Details

Version: 0.1.0
Check: package dependencies
Result: ERROR
    Package required but not available: ‘psycho’
    
    See section ‘The DESCRIPTION file’ in the ‘Writing R Extensions’
    manual.
Flavors: r-devel-linux-x86_64-debian-gcc, r-release-linux-x86_64

Version: 0.1.0
Check: dependencies in R code
Result: NOTE
    Namespaces in Imports field not imported from:
     ‘Hmisc’ ‘corrgram’ ‘datasets’ ‘dplyr’ ‘psych’ ‘psycho’ ‘rpivotTable’
     ‘shiny’
     All declared Imports should be used.
Flavors: r-devel-linux-x86_64-fedora-clang, r-devel-linux-x86_64-fedora-gcc, r-patched-solaris-x86, r-release-macos-x86_64, r-oldrel-macos-x86_64