CRAN Package Check Results for Package SSDM

Last updated on 2020-08-14 03:48:00 CEST.

Flavor Version Tinstall Tcheck Ttotal Status Flags
r-devel-linux-x86_64-debian-clang 0.2.8 32.15 334.40 366.55 OK
r-devel-linux-x86_64-debian-gcc 0.2.8 25.88 247.27 273.15 OK
r-devel-linux-x86_64-fedora-clang 0.2.8 435.47 NOTE
r-devel-linux-x86_64-fedora-gcc 0.2.8 426.67 NOTE
r-devel-windows-ix86+x86_64 0.2.8 84.00 318.00 402.00 OK
r-patched-linux-x86_64 0.2.8 30.12 322.69 352.81 OK
r-patched-solaris-x86 0.2.8 605.60 NOTE
r-release-linux-x86_64 0.2.8 31.33 324.25 355.58 OK
r-release-macos-x86_64 0.2.8 NOTE
r-release-windows-ix86+x86_64 0.2.8 74.00 466.00 540.00 OK
r-oldrel-macos-x86_64 0.2.8 NOTE
r-oldrel-windows-ix86+x86_64 0.2.8 46.00 298.00 344.00 OK

Check Details

Version: 0.2.8
Check: dependencies in R code
Result: NOTE
    Namespace in Imports field not imported from: ‘shinyFiles’
     All declared Imports should be used.
Flavors: r-devel-linux-x86_64-fedora-clang, r-devel-linux-x86_64-fedora-gcc, r-patched-solaris-x86, r-release-macos-x86_64, r-oldrel-macos-x86_64