CRAN Package Check Results for Package SPEDInstabR

Last updated on 2023-12-02 16:49:29 CET.

Flavor Version Tinstall Tcheck Ttotal Status Flags
r-devel-linux-x86_64-debian-clang 2.1 2.67 38.87 41.54 OK
r-devel-linux-x86_64-debian-gcc 2.1 2.57 30.26 32.83 OK
r-devel-linux-x86_64-fedora-clang 2.1 51.91 NOTE
r-devel-linux-x86_64-fedora-gcc 2.1 50.48 NOTE
r-devel-windows-x86_64 2.1 3.00 51.00 54.00 OK
r-patched-linux-x86_64 2.1 3.96 38.27 42.23 OK
r-release-linux-x86_64 2.1 2.73 38.69 41.42 OK
r-release-macos-arm64 2.1 24.00 OK
r-release-macos-x86_64 2.1 52.00 OK
r-release-windows-x86_64 2.1 5.00 58.00 63.00 OK
r-oldrel-macos-arm64 2.1 27.00 OK
r-oldrel-macos-x86_64 2.0 32.00 OK
r-oldrel-windows-x86_64 2.1 5.00 60.00 65.00 OK

Check Details

Version: 2.1
Check: data for non-ASCII characters
Result: NOTE Note: found 5 marked Latin-1 strings Flavors: r-devel-linux-x86_64-fedora-clang, r-devel-linux-x86_64-fedora-gcc