CRAN Package Check Results for Package SPARTAAS

Last updated on 2024-07-21 16:52:23 CEST.

Flavor Version Tinstall Tcheck Ttotal Status Flags
r-devel-linux-x86_64-debian-clang 1.2.4 24.67 226.31 250.98 OK
r-devel-linux-x86_64-debian-gcc 1.2.4 18.53 162.74 181.27 OK
r-devel-linux-x86_64-fedora-clang 1.2.4 317.90 NOTE
r-devel-linux-x86_64-fedora-gcc 1.2.4 316.65 OK
r-devel-windows-x86_64 1.2.4 24.00 163.00 187.00 OK
r-patched-linux-x86_64 1.2.4 26.45 215.31 241.76 OK
r-release-linux-x86_64 1.2.4 29.52 215.67 245.19 OK
r-release-macos-arm64 1.2.4 82.00 OK
r-release-macos-x86_64 1.2.4 178.00 OK
r-release-windows-x86_64 1.2.4 24.00 162.00 186.00 OK
r-oldrel-macos-arm64 1.2.4 99.00 OK
r-oldrel-macos-x86_64 1.2.4 172.00 OK
r-oldrel-windows-x86_64 1.2.4 32.00 218.00 250.00 OK

Check Details

Version: 1.2.4
Check: package dependencies
Result: NOTE Imports includes 32 non-default packages. Importing from so many packages makes the package vulnerable to any of them becoming unavailable. Move as many as possible to Suggests and use conditionally. Flavor: r-devel-linux-x86_64-fedora-clang