Last updated on 2023-12-02 04:52:30 CET.
Flavor | Version | Tinstall | Tcheck | Ttotal | Status | Flags |
---|---|---|---|---|---|---|
r-devel-linux-x86_64-debian-clang | 1.2.1 | 56.32 | 507.27 | 563.59 | OK | |
r-devel-linux-x86_64-debian-gcc | 1.2.1 | 44.08 | 366.22 | 410.30 | OK | |
r-devel-linux-x86_64-fedora-clang | 1.2.1 | 726.00 | NOTE | |||
r-devel-linux-x86_64-fedora-gcc | 1.2.1 | 657.25 | OK | |||
r-devel-windows-x86_64 | 1.2.1 | 45.00 | 312.00 | 357.00 | OK | |
r-patched-linux-x86_64 | 1.2.1 | 52.57 | 475.36 | 527.93 | OK | |
r-release-linux-x86_64 | 1.2.1 | 45.82 | 472.63 | 518.45 | OK | |
r-release-macos-arm64 | 1.2.1 | 114.00 | OK | |||
r-release-macos-x86_64 | 1.2.1 | 241.00 | OK | |||
r-release-windows-x86_64 | 1.2.1 | 64.00 | 411.00 | 475.00 | OK | |
r-oldrel-macos-arm64 | 1.2.1 | 133.00 | OK | |||
r-oldrel-macos-x86_64 | 1.2.1 | 209.00 | OK | |||
r-oldrel-windows-x86_64 | 1.2.1 | 62.00 | 420.00 | 482.00 | OK |
Version: 1.2.1
Check: package dependencies
Result: NOTE
Imports includes 35 non-default packages.
Importing from so many packages makes the package vulnerable to any of
them becoming unavailable. Move as many as possible to Suggests and
use conditionally.
Flavor: r-devel-linux-x86_64-fedora-clang