CRAN Package Check Results for Package SMM

Last updated on 2020-08-15 03:48:19 CEST.

Flavor Version Tinstall Tcheck Ttotal Status Flags
r-devel-linux-x86_64-debian-clang 1.0.2 14.54 82.96 97.50 OK
r-devel-linux-x86_64-debian-gcc 1.0.2 12.51 62.00 74.51 OK
r-devel-linux-x86_64-fedora-clang 1.0.2 124.38 OK
r-devel-linux-x86_64-fedora-gcc 1.0.2 115.20 OK
r-devel-windows-ix86+x86_64 1.0.2 28.00 85.00 113.00 OK
r-patched-linux-x86_64 1.0.2 15.91 82.76 98.67 OK
r-patched-solaris-x86 1.0.2 142.20 OK
r-release-linux-x86_64 1.0.2 12.96 83.04 96.00 OK
r-release-macos-x86_64 1.0.2 OK
r-release-windows-ix86+x86_64 1.0.2 28.00 84.00 112.00 OK
r-oldrel-macos-x86_64 1.0.2 WARN
r-oldrel-windows-ix86+x86_64 1.0.2 14.00 112.00 126.00 OK

Check Details

Version: 1.0.2
Check: re-building of vignette outputs
Result: WARN
    Error(s) in re-building vignettes:
     ...
    --- re-building ‘smm.Rnw’ using Sweave
    Error: processing vignette 'smm.Rnw' failed with diagnostics:
    Running 'texi2dvi' on 'smm.tex' failed.
    LaTeX errors:
    !pdfTeX error: pdflatex (file bbm10): Font bbm10 at 657 not found
     ==> Fatal error occurred, no output PDF file produced!
    --- failed re-building ‘smm.Rnw’
    
    SUMMARY: processing the following file failed:
     ‘smm.Rnw’
    
    Error: Vignette re-building failed.
    Execution halted
Flavor: r-oldrel-macos-x86_64