CRAN Package Check Results for Package SMITIDvisu

Last updated on 2024-02-25 04:51:19 CET.

Flavor Version Tinstall Tcheck Ttotal Status Flags
r-devel-linux-x86_64-debian-clang 0.0.9 21.50 42.04 63.54 NOTE
r-devel-linux-x86_64-debian-gcc 0.0.9 16.49 32.36 48.85 NOTE
r-devel-linux-x86_64-fedora-clang 0.0.9 88.47 NOTE
r-devel-linux-x86_64-fedora-gcc 0.0.9 81.56 NOTE
r-devel-windows-x86_64 0.0.9 19.00 72.00 91.00 NOTE
r-patched-linux-x86_64 0.0.9 18.28 40.99 59.27 NOTE
r-release-linux-x86_64 0.0.9 14.61 41.04 55.65 NOTE
r-release-macos-arm64 0.0.9 31.00 NOTE
r-release-macos-x86_64 0.0.9 47.00 NOTE
r-release-windows-x86_64 0.0.9 25.00 84.00 109.00 NOTE
r-oldrel-macos-arm64 0.0.9 28.00 NOTE
r-oldrel-windows-x86_64 0.0.9 23.00 83.00 106.00 OK

Check Details

Version: 0.0.9
Check: C++ specification
Result: NOTE Specified C++11: please drop specification unless essential Flavors: r-devel-linux-x86_64-debian-clang, r-devel-linux-x86_64-debian-gcc, r-devel-linux-x86_64-fedora-clang, r-devel-linux-x86_64-fedora-gcc, r-devel-windows-x86_64, r-patched-linux-x86_64, r-release-linux-x86_64, r-release-macos-arm64, r-release-macos-x86_64, r-release-windows-x86_64

Version: 0.0.9
Check: package dependencies
Result: NOTE Package suggested but not available for checking: ‘SMITIDstruct’ Flavor: r-oldrel-macos-arm64