Last updated on 2023-12-10 04:56:13 CET.
Flavor | Version | Tinstall | Tcheck | Ttotal | Status | Flags |
---|---|---|---|---|---|---|
r-devel-linux-x86_64-debian-clang | 0.1.4 | 57.60 | 560.36 | 617.96 | OK | |
r-devel-linux-x86_64-debian-gcc | 0.1.4 | 48.00 | 419.71 | 467.71 | OK | |
r-devel-linux-x86_64-fedora-clang | 0.1.4 | 776.65 | OK | |||
r-devel-linux-x86_64-fedora-gcc | 0.1.4 | 766.49 | OK | |||
r-devel-windows-x86_64 | 0.1.4 | 53.00 | 382.00 | 435.00 | OK | |
r-patched-linux-x86_64 | 0.1.4 | 52.69 | 533.83 | 586.52 | OK | |
r-release-linux-x86_64 | 0.1.4 | 46.61 | 525.50 | 572.11 | OK | |
r-release-macos-arm64 | 0.1.4 | 10.00 | ERROR | |||
r-release-macos-x86_64 | 0.1.4 | 9.00 | ERROR | |||
r-release-windows-x86_64 | 0.1.4 | 53.00 | 507.00 | 560.00 | OK | |
r-oldrel-macos-arm64 | 0.1.4 | 127.00 | OK | |||
r-oldrel-macos-x86_64 | 0.1.4 | 252.00 | OK | |||
r-oldrel-windows-x86_64 | 0.1.4 | 62.00 | 448.00 | 510.00 | OK |
Version: 0.1.4
Check: package dependencies
Result: ERROR
Package required but not available: ‘GSVA’
See section ‘The DESCRIPTION file’ in the ‘Writing R Extensions’
manual.
Flavors: r-release-macos-arm64, r-release-macos-x86_64