CRAN Package Check Results for Package SLOPE

Last updated on 2020-08-04 03:48:04 CEST.

Flavor Version Tinstall Tcheck Ttotal Status Flags
r-devel-linux-x86_64-debian-clang 0.3.2 90.62 126.58 217.20 OK
r-devel-linux-x86_64-debian-gcc 0.3.2 71.34 92.81 164.15 OK
r-devel-linux-x86_64-fedora-clang 0.3.2 289.43 NOTE
r-devel-linux-x86_64-fedora-gcc 0.3.2 268.88 OK
r-devel-windows-ix86+x86_64 0.3.2 195.00 218.00 413.00 OK
r-patched-linux-x86_64 0.3.2 76.23 121.89 198.12 OK
r-patched-solaris-x86 0.3.2 326.60 OK
r-release-linux-x86_64 0.3.2 74.15 122.58 196.73 OK
r-release-macos-x86_64 0.3.2 NOTE
r-release-windows-ix86+x86_64 0.3.2 192.00 248.00 440.00 OK
r-oldrel-macos-x86_64 0.3.2 NOTE
r-oldrel-windows-ix86+x86_64 0.3.2 129.00 215.00 344.00 OK

Check Details

Version: 0.3.2
Check: installed package size
Result: NOTE
     installed size is 9.0Mb
     sub-directories of 1Mb or more:
     libs 8.6Mb
Flavors: r-devel-linux-x86_64-fedora-clang, r-release-macos-x86_64, r-oldrel-macos-x86_64