CRAN Package Check Results for Package SIRE

Last updated on 2024-02-23 05:07:32 CET.

Flavor Version Tinstall Tcheck Ttotal Status Flags
r-devel-linux-x86_64-debian-clang 1.1.0 OK
r-devel-linux-x86_64-debian-gcc 1.1.0 2.32 23.55 25.87 OK
r-devel-linux-x86_64-fedora-clang 1.1.0 41.13 NOTE
r-devel-linux-x86_64-fedora-gcc 1.1.0 38.92 NOTE
r-devel-windows-x86_64 1.1.0 4.00 72974.00 72978.00 OK
r-patched-linux-x86_64 1.1.0 2.04 29.97 32.01 OK
r-release-linux-x86_64 1.1.0 2.48 30.11 32.59 OK
r-release-macos-arm64 1.1.0 19.00 OK
r-release-macos-x86_64 1.1.0 24.00 OK
r-release-windows-x86_64 1.1.0 5.00 49.00 54.00 OK
r-oldrel-macos-arm64 1.1.0 20.00 NOTE
r-oldrel-windows-x86_64 1.1.0 5.00 50.00 55.00 OK

Check Details

Version: 1.1.0
Check: dependencies in R code
Result: NOTE Namespaces in Imports field not imported from: ‘dplyr’ ‘magrittr’ ‘psych’ ‘stringr’ All declared Imports should be used. Flavors: r-devel-linux-x86_64-fedora-clang, r-devel-linux-x86_64-fedora-gcc, r-oldrel-macos-arm64