CRAN Package Check Results for Package SDraw

Last updated on 2020-08-07 15:48:55 CEST.

Flavor Version Tinstall Tcheck Ttotal Status Flags
r-devel-linux-x86_64-debian-clang 2.1.13 17.25 269.46 286.71 OK
r-devel-linux-x86_64-debian-gcc 2.1.13 14.15 193.27 207.42 OK
r-devel-linux-x86_64-fedora-clang 2.1.13 327.57 NOTE
r-devel-linux-x86_64-fedora-gcc 2.1.13 342.92 NOTE
r-devel-windows-ix86+x86_64 2.1.13 63.00 305.00 368.00 OK
r-patched-linux-x86_64 2.1.13 13.13 257.03 270.16 OK
r-patched-solaris-x86 2.1.13 1231.90 NOTE
r-release-linux-x86_64 2.1.13 14.00 254.67 268.67 OK
r-release-macos-x86_64 2.1.13 NOTE
r-release-windows-ix86+x86_64 2.1.13 37.00 322.00 359.00 OK
r-oldrel-macos-x86_64 2.1.13 NOTE
r-oldrel-windows-ix86+x86_64 2.1.13 31.00 272.00 303.00 OK

Check Details

Version: 2.1.13
Check: dependencies in R code
Result: NOTE
    Namespace in Imports field not imported from: ‘covr’
     All declared Imports should be used.
Flavors: r-devel-linux-x86_64-fedora-clang, r-devel-linux-x86_64-fedora-gcc, r-patched-solaris-x86, r-release-macos-x86_64, r-oldrel-macos-x86_64