CRAN Package Check Results for Package SCORPIUS

Last updated on 2024-03-01 04:51:55 CET.

Flavor Version Tinstall Tcheck Ttotal Status Flags
r-devel-linux-x86_64-debian-clang 1.0.9 15.11 338.70 353.81 NOTE
r-devel-linux-x86_64-debian-gcc 1.0.9 10.67 243.32 253.99 NOTE
r-devel-linux-x86_64-fedora-clang 1.0.9 436.62 NOTE
r-devel-linux-x86_64-fedora-gcc 1.0.9 420.41 NOTE
r-devel-windows-x86_64 1.0.9 14.00 239.00 253.00 OK
r-patched-linux-x86_64 1.0.9 9.15 316.69 325.84 OK
r-release-linux-x86_64 1.0.9 9.31 314.72 324.03 OK
r-release-macos-arm64 1.0.9 113.00 OK
r-release-macos-x86_64 1.0.9 294.00 OK
r-release-windows-x86_64 1.0.9 19.00 286.00 305.00 OK
r-oldrel-macos-arm64 1.0.9 109.00 OK
r-oldrel-windows-x86_64 1.0.9 18.00 282.00 300.00 OK

Check Details

Version: 1.0.9
Check: Rd files
Result: NOTE checkRd: (-1) reduce_dimensionality.Rd:19: Lost braces 19 | \item{ndim}{the maximum dimension of the space which the data are to be represented in; must be in {1, 2, \ldots, n-1}.} | ^ checkRd: (-1) ti_scorpius.Rd:18: Lost braces; missing escapes or markup? 18 | \item{distance_method}{A character string indicating which correlationcoefficient (or covariance) is to be computed. One of "pearson", "spearman" (default), or "cosine". Domain: {spearman, pearson, cosine}. Default: spearman. Format: character.} | ^ checkRd: (-1) ti_scorpius.Rd:30: Lost braces; missing escapes or markup? 30 | \item{smoother}{\code{principal_curve} parameter; choice of smoother. Domain: {smooth_spline, lowess, periodic_lowess}. Default: smooth_spline. Format: character.} | ^ Flavors: r-devel-linux-x86_64-debian-clang, r-devel-linux-x86_64-debian-gcc, r-devel-linux-x86_64-fedora-clang, r-devel-linux-x86_64-fedora-gcc