CRAN Package Check Results for Package SCEPtER

Last updated on 2024-03-02 16:54:57 CET.

Flavor Version Tinstall Tcheck Ttotal Status Flags
r-devel-linux-x86_64-debian-clang 0.2-4 11.17 28.17 39.34 OK
r-devel-linux-x86_64-debian-gcc 0.2-4 9.70 22.16 31.86 OK
r-devel-linux-x86_64-fedora-clang 0.2-4 51.31 NOTE
r-devel-linux-x86_64-fedora-gcc 0.2-4 47.74 NOTE
r-devel-windows-x86_64 0.2-4 13.00 45.00 58.00 OK
r-patched-linux-x86_64 0.2-4 10.91 25.68 36.59 OK
r-release-linux-x86_64 0.2-4 10.50 25.50 36.00 OK
r-release-macos-arm64 0.2-4 24.00 OK
r-release-macos-x86_64 0.2-4 30.00 OK
r-release-windows-x86_64 0.2-4 12.00 45.00 57.00 OK
r-oldrel-macos-arm64 0.2-4 26.00 OK
r-oldrel-windows-x86_64 0.2-4 16.00 49.00 65.00 OK

Check Details

Version: 0.2-4
Check: compiled code
Result: NOTE File ‘SCEPtER/libs/SCEPtER.so’: Found no calls to: ‘R_registerRoutines’, ‘R_useDynamicSymbols’ It is good practice to register native routines and to disable symbol search. See ‘Writing portable packages’ in the ‘Writing R Extensions’ manual. Flavors: r-devel-linux-x86_64-fedora-clang, r-devel-linux-x86_64-fedora-gcc