CRAN Package Check Results for Package SCCI

Last updated on 2020-10-25 15:48:57 CET.

Flavor Version Tinstall Tcheck Ttotal Status Flags
r-devel-linux-x86_64-debian-clang 1.2 17.84 26.81 44.65 OK
r-devel-linux-x86_64-debian-gcc 1.2 13.27 20.89 34.16 OK
r-devel-linux-x86_64-fedora-clang 1.2 69.98 OK
r-devel-linux-x86_64-fedora-gcc 1.2 55.72 OK
r-devel-windows-ix86+x86_64 1.2 41.00 71.00 112.00 OK
r-patched-linux-x86_64 1.2 16.96 25.79 42.75 OK
r-patched-solaris-x86 1.2 71.40 OK
r-release-linux-x86_64 1.2 17.52 25.78 43.30 OK
r-release-macos-x86_64 1.2 OK
r-release-windows-ix86+x86_64 1.2 35.00 51.00 86.00 OK
r-oldrel-macos-x86_64 1.2 NOTE
r-oldrel-windows-ix86+x86_64 1.2 41.00 49.00 90.00 OK

Check Details

Version: 1.2
Check: package dependencies
Result: NOTE
    Packages suggested but not available for checking: 'pcalg', 'Rgraphviz'
Flavor: r-oldrel-macos-x86_64