CRAN Package Check Results for Package SAMtool

Last updated on 2022-10-03 04:59:39 CEST.

Flavor Version Tinstall Tcheck Ttotal Status Flags
r-devel-linux-x86_64-debian-clang 1.4.0 221.19 227.85 449.04 OK
r-devel-linux-x86_64-debian-gcc 1.4.0 197.18 167.51 364.69 OK
r-devel-linux-x86_64-fedora-clang 1.4.0 579.25 NOTE
r-devel-linux-x86_64-fedora-gcc 1.4.0 619.97 OK
r-devel-windows-x86_64 1.4.0 224.00 299.00 523.00 OK
r-patched-linux-x86_64 1.4.0 196.66 207.68 404.34 OK
r-release-linux-x86_64 1.4.0 179.20 210.44 389.64 OK
r-release-macos-arm64 1.4.0 153.00 NOTE
r-release-macos-x86_64 1.4.0 181.00 NOTE
r-release-windows-x86_64 1.4.0 206.00 285.00 491.00 OK
r-oldrel-macos-arm64 1.4.0 154.00 NOTE
r-oldrel-macos-x86_64 1.4.0 180.00 NOTE
r-oldrel-windows-ix86+x86_64 1.4.0 427.00 345.00 772.00 NOTE

Check Details

Version: 1.4.0
Check: installed package size
Result: NOTE
     installed size is 6.1Mb
     sub-directories of 1Mb or more:
     R 1.3Mb
     libs 4.3Mb
Flavors: r-devel-linux-x86_64-fedora-clang, r-release-macos-arm64, r-release-macos-x86_64, r-oldrel-macos-arm64, r-oldrel-macos-x86_64, r-oldrel-windows-ix86+x86_64