CRAN Package Check Results for Package SAMprior

Last updated on 2024-03-01 16:49:31 CET.

Flavor Version Tinstall Tcheck Ttotal Status Flags
r-devel-linux-x86_64-debian-clang 1.1.1 30.13 541.39 571.52 OK
r-devel-linux-x86_64-debian-gcc 1.1.1 21.41 387.78 409.19 OK
r-devel-linux-x86_64-fedora-clang 1.1.1 687.07 OK
r-devel-linux-x86_64-fedora-gcc 1.1.1 699.99 OK
r-devel-windows-x86_64 1.1.1 16.00 344.00 360.00 OK
r-patched-linux-x86_64 1.1.1 0.51 1.89 2.40 ERROR
r-release-linux-x86_64 1.1.1 21.15 527.58 548.73 OK
r-release-macos-arm64 1.1.1 176.00 OK
r-release-macos-x86_64 1.1.1 381.00 OK
r-release-windows-x86_64 1.1.1 22.00 477.00 499.00 OK
r-oldrel-macos-arm64 1.1.1 148.00 OK
r-oldrel-windows-x86_64 1.1.1 23.00 485.00 508.00 OK

Check Details

Version: 1.1.1
Check: package dependencies
Result: ERROR Package required but not available: ‘RBesT’ See section ‘The DESCRIPTION file’ in the ‘Writing R Extensions’ manual. Flavor: r-patched-linux-x86_64