CRAN Package Check Results for Package SALES

Last updated on 2020-08-08 15:47:01 CEST.

Flavor Version Tinstall Tcheck Ttotal Status Flags
r-devel-linux-x86_64-debian-clang 1.0.0 9.67 66.65 76.32 OK
r-devel-linux-x86_64-debian-gcc 1.0.0 8.28 50.14 58.42 OK
r-devel-linux-x86_64-fedora-clang 1.0.0 98.73 NOTE
r-devel-linux-x86_64-fedora-gcc 1.0.0 89.31 NOTE
r-devel-windows-ix86+x86_64 1.0.0 26.00 126.00 152.00 OK
r-patched-linux-x86_64 1.0.0 8.87 65.28 74.15 OK
r-patched-solaris-x86 1.0.0 133.90 OK
r-release-linux-x86_64 1.0.0 9.97 64.33 74.30 OK
r-release-macos-x86_64 1.0.0 OK
r-release-windows-ix86+x86_64 1.0.0 27.00 101.00 128.00 OK
r-oldrel-macos-x86_64 1.0.0 OK
r-oldrel-windows-ix86+x86_64 1.0.0 18.00 127.00 145.00 OK

Check Details

Version: 1.0.0
Check: compiled code
Result: NOTE
    File ‘SALES/libs/SALES.so’:
     Found no calls to: ‘R_registerRoutines’, ‘R_useDynamicSymbols’
    
    It is good practice to register native routines and to disable symbol
    search.
    
    See ‘Writing portable packages’ in the ‘Writing R Extensions’ manual.
Flavors: r-devel-linux-x86_64-fedora-clang, r-devel-linux-x86_64-fedora-gcc