Last updated on 2023-12-08 16:54:21 CET.
Flavor | Version | Tinstall | Tcheck | Ttotal | Status | Flags |
---|---|---|---|---|---|---|
r-devel-linux-x86_64-debian-clang | 1.0.0 | 9.12 | 71.78 | 80.90 | OK | |
r-devel-linux-x86_64-debian-gcc | 1.0.0 | 6.60 | 53.53 | 60.13 | OK | |
r-devel-linux-x86_64-fedora-clang | 1.0.0 | 102.14 | NOTE | |||
r-devel-linux-x86_64-fedora-gcc | 1.0.0 | 96.58 | NOTE | |||
r-devel-windows-x86_64 | 1.0.0 | 10.00 | 71.00 | 81.00 | OK | |
r-patched-linux-x86_64 | 1.0.0 | 7.70 | 68.13 | 75.83 | OK | |
r-release-linux-x86_64 | 1.0.0 | 7.11 | 68.01 | 75.12 | OK | |
r-release-macos-arm64 | 1.0.0 | 39.00 | OK | |||
r-release-macos-x86_64 | 1.0.0 | 48.00 | OK | |||
r-release-windows-x86_64 | 1.0.0 | 11.00 | 80.00 | 91.00 | OK | |
r-oldrel-macos-arm64 | 1.0.0 | 25.00 | OK | |||
r-oldrel-macos-x86_64 | 1.0.0 | 43.00 | OK | |||
r-oldrel-windows-x86_64 | 1.0.0 | 11.00 | 85.00 | 96.00 | OK |
Version: 1.0.0
Check: data for non-ASCII characters
Result: NOTE
Note: found 4 marked UTF-8 strings
Flavors: r-devel-linux-x86_64-fedora-clang, r-devel-linux-x86_64-fedora-gcc