CRAN Package Check Results for Package RxODE

Last updated on 2020-08-06 04:48:18 CEST.

Flavor Version Tinstall Tcheck Ttotal Status Flags
r-devel-linux-x86_64-debian-clang 0.9.2-0 240.35 292.16 532.51 NOTE
r-devel-linux-x86_64-debian-gcc 0.9.2-0 217.90 204.46 422.36 NOTE
r-devel-linux-x86_64-fedora-clang 0.9.2-0 674.18 NOTE
r-devel-linux-x86_64-fedora-gcc 0.9.2-0 670.42 NOTE
r-devel-windows-ix86+x86_64 0.9.2-0 561.00 654.00 1215.00 ERROR
r-patched-linux-x86_64 0.9.2-0 271.98 259.91 531.89 NOTE
r-patched-solaris-x86 0.9.2-0 687.10 NOTE
r-release-linux-x86_64 0.9.2-0 268.71 258.41 527.12 NOTE
r-release-macos-x86_64 0.9.2-0 NOTE
r-release-windows-ix86+x86_64 0.9.2-0 555.00 572.00 1127.00 NOTE
r-oldrel-macos-x86_64 0.9.2-0 NOTE
r-oldrel-windows-ix86+x86_64 0.9.2-0 383.00 415.00 798.00 ERROR

Check Details

Version: 0.9.2-0
Check: package dependencies
Result: NOTE
    Packages suggested but not available for checking:
     'SnakeCharmR', 'installr'
Flavors: r-devel-linux-x86_64-debian-clang, r-devel-linux-x86_64-debian-gcc, r-devel-linux-x86_64-fedora-clang, r-devel-linux-x86_64-fedora-gcc, r-patched-linux-x86_64, r-patched-solaris-x86, r-release-linux-x86_64, r-release-macos-x86_64

Version: 0.9.2-0
Check: package dependencies
Result: NOTE
    Package suggested but not available for checking: 'SnakeCharmR'
Flavors: r-devel-windows-ix86+x86_64, r-release-windows-ix86+x86_64, r-oldrel-windows-ix86+x86_64

Version: 0.9.2-0
Check: installed package size
Result: NOTE
     installed size is 7.3Mb
     sub-directories of 1Mb or more:
     libs 6.0Mb
Flavors: r-devel-windows-ix86+x86_64, r-release-windows-ix86+x86_64, r-oldrel-windows-ix86+x86_64

Version: 0.9.2-0
Check: running tests for arch ‘i386’
Result: ERROR
     Running 'testthat.R' [67s]
    Running the tests in 'tests/testthat.R' failed.
    Complete output:
     > library(testthat)
     > library(RxODE)
     > test_check("RxODE")
Flavor: r-devel-windows-ix86+x86_64

Version: 0.9.2-0
Check: package dependencies
Result: NOTE
    Package suggested but not available for checking: ‘installr’
Flavor: r-oldrel-macos-x86_64

Version: 0.9.2-0
Check: running tests for arch ‘i386’
Result: ERROR
     Running 'testthat.R' [41s]
    Running the tests in 'tests/testthat.R' failed.
    Complete output:
     > library(testthat)
     > library(RxODE)
     > test_check("RxODE")
Flavor: r-oldrel-windows-ix86+x86_64