CRAN Package Check Results for Package Rprofet

Last updated on 2024-02-27 16:49:27 CET.

Flavor Version Tinstall Tcheck Ttotal Status Flags
r-devel-linux-x86_64-debian-clang 2.2.1 8.03 93.10 101.13 NOTE
r-devel-linux-x86_64-debian-gcc 2.2.1 6.40 69.67 76.07 NOTE
r-devel-linux-x86_64-fedora-clang 2.2.1 130.45 NOTE
r-devel-linux-x86_64-fedora-gcc 2.2.1 119.64 NOTE
r-devel-windows-x86_64 2.2.1 8.00 86.00 94.00 NOTE
r-patched-linux-x86_64 2.2.1 8.32 88.82 97.14 NOTE
r-release-linux-x86_64 2.2.1 7.52 89.27 96.79 NOTE
r-release-macos-arm64 2.2.1 40.00 NOTE
r-release-macos-x86_64 2.2.1 61.00 NOTE
r-release-windows-x86_64 2.2.1 11.00 102.00 113.00 NOTE
r-oldrel-macos-arm64 2.2.1 34.00 NOTE
r-oldrel-windows-x86_64 2.2.1 11.00 104.00 115.00 NOTE

Check Details

Version: 2.2.1
Check: LazyData
Result: NOTE 'LazyData' is specified without a 'data' directory Flavors: r-devel-linux-x86_64-debian-clang, r-devel-linux-x86_64-debian-gcc, r-devel-linux-x86_64-fedora-clang, r-devel-linux-x86_64-fedora-gcc, r-devel-windows-x86_64, r-patched-linux-x86_64, r-release-linux-x86_64, r-release-macos-arm64, r-release-macos-x86_64, r-release-windows-x86_64, r-oldrel-macos-arm64, r-oldrel-windows-x86_64