CRAN Package Check Results for Package Rphylopars

Last updated on 2020-08-13 15:51:19 CEST.

Flavor Version Tinstall Tcheck Ttotal Status Flags
r-devel-linux-x86_64-debian-clang 0.3.0 0.37 2.26 2.63 ERROR
r-devel-linux-x86_64-debian-gcc 0.3.0 53.62 89.67 143.29 NOTE
r-devel-linux-x86_64-fedora-clang 0.3.0 241.91 NOTE
r-devel-linux-x86_64-fedora-gcc 0.3.0 237.61 NOTE
r-devel-windows-ix86+x86_64 0.3.0 171.00 175.00 346.00 OK
r-patched-linux-x86_64 0.3.0 59.75 114.37 174.12 NOTE
r-patched-solaris-x86 0.3.0 285.40 NOTE
r-release-linux-x86_64 0.3.0 62.87 114.33 177.20 NOTE
r-release-macos-x86_64 0.3.0 NOTE
r-release-windows-ix86+x86_64 0.3.0 183.00 170.00 353.00 OK
r-oldrel-macos-x86_64 0.3.0 NOTE
r-oldrel-windows-ix86+x86_64 0.3.0 120.00 222.00 342.00 OK

Check Details

Version: 0.3.0
Check: package dependencies
Result: ERROR
    Package required but not available: 'doBy'
    
    See section 'The DESCRIPTION file' in the 'Writing R Extensions'
    manual.
Flavor: r-devel-linux-x86_64-debian-clang

Version: 0.3.0
Check: Rd cross-references
Result: NOTE
    Unknown package ‘phylocurve’ in Rd xrefs
Flavors: r-devel-linux-x86_64-debian-gcc, r-devel-linux-x86_64-fedora-gcc, r-patched-linux-x86_64, r-patched-solaris-x86, r-release-linux-x86_64, r-release-macos-x86_64

Version: 0.3.0
Check: installed package size
Result: NOTE
     installed size is 5.8Mb
     sub-directories of 1Mb or more:
     libs 5.5Mb
Flavors: r-devel-linux-x86_64-fedora-clang, r-release-macos-x86_64, r-oldrel-macos-x86_64

Version: 0.3.0
Check: Rd cross-references
Result: NOTE
    Undeclared packages ‘geomorph’, ‘phylocurve’ in Rd xrefs
    Unknown package ‘phylocurve’ in Rd xrefs
Flavor: r-devel-linux-x86_64-fedora-clang