CRAN Package Check Results for Package Rpdb

Last updated on 2020-08-08 15:47:01 CEST.

Flavor Version Tinstall Tcheck Ttotal Status Flags
r-devel-linux-x86_64-debian-clang 2.3 8.14 72.09 80.23 NOTE
r-devel-linux-x86_64-debian-gcc 2.3 5.69 53.97 59.66 NOTE
r-devel-linux-x86_64-fedora-clang 2.3 107.67 NOTE
r-devel-linux-x86_64-fedora-gcc 2.3 96.55 NOTE
r-devel-windows-ix86+x86_64 2.3 15.00 96.00 111.00 OK
r-patched-linux-x86_64 2.3 8.15 71.20 79.35 NOTE
r-patched-solaris-x86 2.3 101.00 NOTE
r-release-linux-x86_64 2.3 8.12 71.04 79.16 NOTE
r-release-macos-x86_64 2.3 OK
r-release-windows-ix86+x86_64 2.3 20.00 71.00 91.00 OK
r-oldrel-macos-x86_64 2.3 WARN
r-oldrel-windows-ix86+x86_64 2.3 14.00 98.00 112.00 OK

Check Details

Version: 2.3
Check: for non-standard things in the check directory
Result: NOTE
    Found the following files/directories:
     'Rpdb.pdb'
Flavors: r-devel-linux-x86_64-debian-clang, r-devel-linux-x86_64-debian-gcc, r-devel-linux-x86_64-fedora-clang, r-devel-linux-x86_64-fedora-gcc, r-patched-linux-x86_64, r-patched-solaris-x86, r-release-linux-x86_64

Version: 2.3
Check: whether package can be installed
Result: WARN
    Found the following significant warnings:
     Warning: 'rgl_init' failed, running with rgl.useNULL = TRUE
Flavor: r-oldrel-macos-x86_64