Last updated on 2023-12-08 16:54:20 CET.
Flavor | Version | Tinstall | Tcheck | Ttotal | Status | Flags |
---|---|---|---|---|---|---|
r-devel-linux-x86_64-debian-clang | 1.3-7 | 37.46 | 81.20 | 118.66 | NOTE | |
r-devel-linux-x86_64-debian-gcc | 1.3-7 | 25.96 | 61.31 | 87.27 | NOTE | |
r-devel-linux-x86_64-fedora-clang | 1.3-7 | 160.99 | NOTE | |||
r-devel-linux-x86_64-fedora-gcc | 1.3-7 | 150.16 | NOTE | |||
r-devel-windows-x86_64 | 1.3-7 | 32.00 | 108.00 | 140.00 | NOTE | |
r-patched-linux-x86_64 | 1.3-7 | 34.16 | 79.93 | 114.09 | OK | |
r-release-linux-x86_64 | 1.3-7 | 29.67 | 78.54 | 108.21 | OK | |
r-release-macos-arm64 | 1.3-7 | 36.00 | OK | |||
r-release-macos-x86_64 | 1.3-7 | 58.00 | OK | |||
r-release-windows-x86_64 | 1.3-7 | 38.00 | 126.00 | 164.00 | OK | |
r-oldrel-macos-arm64 | 1.3-7 | 38.00 | OK | |||
r-oldrel-macos-x86_64 | 1.3-7 | 50.00 | OK | |||
r-oldrel-windows-x86_64 | 1.3-7 | 38.00 | 106.00 | 144.00 | OK |
Version: 1.3-7
Check: Rd files
Result: NOTE
checkRd: (-1) FS.DAAR.heuristic.RST.Rd:20: Lost braces
20 | code{decision.table}. It usually corresponds to \code{attr(decision.table, "desc.attrs")}.}
| ^
checkRd: (-1) RoughSetData.Rd:19: Lost braces; missing escapes or markup?
19 | \item Diploma: it has the following values: {"MBA", "MSc", "MCE"}.
| ^
checkRd: (-1) RoughSetData.Rd:20: Lost braces; missing escapes or markup?
20 | \item Exprience: it has the following values: {"High", "Low", "Medium"}.
| ^
checkRd: (-1) RoughSetData.Rd:21: Lost braces; missing escapes or markup?
21 | \item French: it has the following values: {"Yes", "No"}.
| ^
checkRd: (-1) RoughSetData.Rd:22: Lost braces; missing escapes or markup?
22 | \item Reference: it has the following values: {"Excellent", "Good", "Neutral"}.
| ^
checkRd: (-1) RoughSetData.Rd:23: Lost braces; missing escapes or markup?
23 | \item Decision: it is a decision attribute that contains the following values: {"Accept", "Reject"}.
| ^
checkRd: (-1) RoughSetData.Rd:87: Lost braces; missing escapes or markup?
87 | \item class: it is nominal decision attribute that has values: {1, 2, 3}.
| ^
Flavors: r-devel-linux-x86_64-debian-clang, r-devel-linux-x86_64-debian-gcc
Version: 1.3-7
Check: Rd metadata
Result: NOTE
Invalid package aliases in Rd file 'A.Introduction-RoughSets.Rd':
‘A.Introduction-RoughSets-package’
Invalid package aliases in Rd file 'B.Introduction-FuzzyRoughSets.Rd':
‘B.Introduction-FuzzyRoughSets-package’
Flavors: r-devel-linux-x86_64-debian-clang, r-devel-linux-x86_64-debian-gcc, r-devel-linux-x86_64-fedora-clang, r-devel-linux-x86_64-fedora-gcc, r-devel-windows-x86_64