CRAN Package Check Results for Package Rosenbrock

Last updated on 2024-03-02 16:54:56 CET.

Flavor Version Tinstall Tcheck Ttotal Status Flags
r-devel-linux-x86_64-debian-clang 0.1.0 2.07 23.52 25.59 NOTE
r-devel-linux-x86_64-debian-gcc 0.1.0 1.28 18.24 19.52 NOTE
r-devel-linux-x86_64-fedora-clang 0.1.0 32.05 NOTE
r-devel-linux-x86_64-fedora-gcc 0.1.0 29.52 NOTE
r-devel-windows-x86_64 0.1.0 2.00 40.00 42.00 NOTE
r-patched-linux-x86_64 0.1.0 2.02 20.78 22.80 NOTE
r-release-linux-x86_64 0.1.0 1.88 20.89 22.77 NOTE
r-release-macos-arm64 0.1.0 13.00 NOTE
r-release-macos-x86_64 0.1.0 18.00 NOTE
r-release-windows-x86_64 0.1.0 2.00 38.00 40.00 NOTE
r-oldrel-macos-arm64 0.1.0 14.00 NOTE
r-oldrel-windows-x86_64 0.1.0 3.00 44.00 47.00 NOTE

Check Details

Version: 0.1.0
Check: LazyData
Result: NOTE 'LazyData' is specified without a 'data' directory Flavors: r-devel-linux-x86_64-debian-clang, r-devel-linux-x86_64-debian-gcc, r-devel-linux-x86_64-fedora-clang, r-devel-linux-x86_64-fedora-gcc, r-devel-windows-x86_64, r-patched-linux-x86_64, r-release-linux-x86_64, r-release-macos-arm64, r-release-macos-x86_64, r-release-windows-x86_64, r-oldrel-macos-arm64, r-oldrel-windows-x86_64