CRAN Package Check Results for Package RobPer

Last updated on 2023-09-28 05:56:59 CEST.

Flavor Version Tinstall Tcheck Ttotal Status Flags
r-devel-linux-x86_64-debian-clang 1.2.3 13.67 166.46 180.13 OK
r-devel-linux-x86_64-debian-gcc 1.2.3 9.79 125.61 135.40 OK
r-devel-linux-x86_64-fedora-clang 1.2.3 217.04 OK
r-devel-linux-x86_64-fedora-gcc 1.2.3 240.77 OK
r-devel-windows-x86_64 1.2.3 11.00 160.00 171.00 OK
r-patched-linux-x86_64 1.2.3 12.76 160.66 173.42 OK
r-release-linux-x86_64 1.2.3 12.07 161.38 173.45 OK
r-release-macos-arm64 1.2.3 73.00 OK
r-release-macos-x86_64 1.2.3 108.00 NOTE
r-release-windows-x86_64 1.2.3 14.00 191.00 205.00 OK
r-oldrel-macos-arm64 1.2.3 63.00 OK
r-oldrel-macos-x86_64 1.2.3 84.00 OK
r-oldrel-windows-x86_64 1.2.3 14.00 181.00 195.00 OK

Check Details

Version: 1.2.3
Check: re-building of vignette outputs
Result: NOTE
    Error(s) in re-building vignettes:
    --- re-building ‘RobPer_vignette.Rnw’ using Sweave
    Loading required package: robustbase
    Loading required package: quantreg
    Loading required package: SparseM
    
    Attaching package: 'SparseM'
    
    The following object is masked from 'package:base':
    
     backsolve
    
    Loading required package: splines
    Loading required package: BB
    Loading required package: rgenoud
    ## rgenoud (Version 5.9-0.3, Build Date: 2022-04-19)
    ## See http://sekhon.berkeley.edu/rgenoud for additional documentation.
    ## Please cite software as:
    ## Walter Mebane, Jr. and Jasjeet S. Sekhon. 2011.
    ## ``Genetic Optimization Using Derivatives: The rgenoud package for R.''
    ## Journal of Statistical Software, 42(11): 1-26.
    ##
    
    Error: processing vignette 'RobPer_vignette.Rnw' failed with diagnostics:
    Running 'texi2dvi' on 'RobPer_vignette.tex' failed.
    LaTeX errors:
    ! LaTeX Error: File `dsfont.sty' not found.
    
    Type X to quit or <RETURN> to proceed,
    or enter new name. (Default extension: sty)
    
    ! Emergency stop.
    <read *>
    
    l.4 \usepackage
     {thumbpdf,lmodern}^^M
    ! ==> Fatal error occurred, no output PDF file produced!
    --- failed re-building 'RobPer_vignette.Rnw'
    
    SUMMARY: processing the following file failed:
     'RobPer_vignette.Rnw'
    
    Error: Vignette re-building failed.
    Execution halted
Flavor: r-release-macos-x86_64