Last updated on 2023-11-29 04:57:34 CET.
Flavor | Version | Tinstall | Tcheck | Ttotal | Status | Flags |
---|---|---|---|---|---|---|
r-devel-linux-x86_64-debian-clang | 1.2.1 | 43.99 | 343.23 | 387.22 | OK | |
r-devel-linux-x86_64-debian-gcc | 1.2.1 | 28.61 | 251.22 | 279.83 | OK | |
r-devel-linux-x86_64-fedora-clang | 1.2.1 | 469.49 | NOTE | |||
r-devel-linux-x86_64-fedora-gcc | 1.2.1 | 450.31 | OK | |||
r-devel-windows-x86_64 | 1.2.1 | 33.00 | 229.00 | 262.00 | OK | |
r-patched-linux-x86_64 | 1.2.1 | 27.07 | 328.53 | 355.60 | OK | |
r-release-linux-x86_64 | 1.2.1 | 23.79 | 320.45 | 344.24 | OK | |
r-release-macos-arm64 | 1.2.1 | 109.00 | NOTE | |||
r-release-macos-x86_64 | 1.2.1 | 283.00 | NOTE | |||
r-release-windows-x86_64 | 1.2.1 | 41.00 | 287.00 | 328.00 | OK | |
r-oldrel-macos-arm64 | 1.2.1 | 109.00 | NOTE | |||
r-oldrel-macos-x86_64 | 1.2.1 | 154.00 | NOTE | |||
r-oldrel-windows-x86_64 | 1.2.1 | 41.00 | 295.00 | 336.00 | OK |
Version: 1.2.1
Check: Rd cross-references
Result: NOTE
Undeclared package ‘distrEx’ in Rd xrefs
Flavor: r-devel-linux-x86_64-fedora-clang
Version: 1.2.1
Check: package dependencies
Result: NOTE
Packages suggested but not available for checking:
'affydata', 'hgu95av2cdf', 'beadarrayExampleData',
'illuminaHumanv3.db'
Flavors: r-release-macos-arm64, r-release-macos-x86_64
Version: 1.2.1
Check: package dependencies
Result: NOTE
Package suggested but not available for checking: ‘illuminaHumanv3.db’
Flavor: r-oldrel-macos-arm64
Version: 1.2.1
Check: package dependencies
Result: NOTE
Packages suggested but not available for checking:
'affydata', 'illuminaHumanv3.db'
Flavor: r-oldrel-macos-x86_64