CRAN Package Check Results for Package Rnmr1D

Last updated on 2024-02-26 04:49:38 CET.

Flavor Version Tinstall Tcheck Ttotal Status Flags
r-devel-linux-x86_64-debian-clang 1.3.2 45.21 169.13 214.34 OK
r-devel-linux-x86_64-debian-gcc 1.3.2 35.23 125.93 161.16 OK
r-devel-linux-x86_64-fedora-clang 1.3.2 277.08 NOTE
r-devel-linux-x86_64-fedora-gcc 1.3.2 269.22 NOTE
r-devel-windows-x86_64 1.3.2 36.00 185.00 221.00 OK
r-patched-linux-x86_64 1.3.2 34.13 162.73 196.86 OK
r-release-linux-x86_64 1.3.2 28.65 166.14 194.79 OK
r-release-macos-arm64 1.3.2 96.00 NOTE
r-release-macos-x86_64 1.3.2 243.00 OK
r-release-windows-x86_64 1.3.2 45.00 233.00 278.00 OK
r-oldrel-macos-arm64 1.3.2 87.00 OK
r-oldrel-windows-x86_64 1.3.2 45.00 237.00 282.00 OK

Check Details

Version: 1.3.2
Check: dependencies in R code
Result: NOTE Namespace in Imports field not imported from: ‘impute’ All declared Imports should be used. Flavors: r-devel-linux-x86_64-fedora-clang, r-devel-linux-x86_64-fedora-gcc

Version: 1.3.2
Check: installed package size
Result: NOTE installed size is 5.1Mb sub-directories of 1Mb or more: doc 2.0Mb libs 1.7Mb Flavor: r-release-macos-arm64