CRAN Package Check Results for Package Rmosek

Last updated on 2024-02-26 16:56:35 CET.

Flavor Version Tinstall Tcheck Ttotal Status Flags
r-devel-linux-x86_64-debian-clang 1.3.5 2.32 22.43 24.75 NOTE
r-devel-linux-x86_64-debian-gcc 1.3.5 1.76 17.94 19.70 NOTE
r-devel-linux-x86_64-fedora-clang 1.3.5 31.91 OK
r-devel-linux-x86_64-fedora-gcc 1.3.5 29.89 OK
r-devel-windows-x86_64 1.3.5 3.00 46.00 49.00 OK
r-patched-linux-x86_64 1.3.5 1.68 22.20 23.88 NOTE
r-release-linux-x86_64 1.3.5 2.12 22.74 24.86 NOTE
r-release-macos-arm64 1.3.5 14.00 OK
r-release-macos-x86_64 1.3.5 22.00 OK
r-release-windows-x86_64 1.3.5 3.00 45.00 48.00 OK
r-oldrel-macos-arm64 1.3.5 13.00 OK
r-oldrel-windows-x86_64 1.3.5 4.00 47.00 51.00 OK

Check Details

Version: 1.3.5
Check: R code for possible problems
Result: NOTE Found the following calls to attach(): File ‘Rmosek/R/builder.R’: attach(builderenv, pos, name, warn.conflicts) See section ‘Good practice’ in ‘?attach’. Flavors: r-devel-linux-x86_64-debian-clang, r-devel-linux-x86_64-debian-gcc, r-patched-linux-x86_64, r-release-linux-x86_64