Last updated on 2023-12-07 04:56:35 CET.
Flavor | Version | Tinstall | Tcheck | Ttotal | Status | Flags |
---|---|---|---|---|---|---|
r-devel-linux-x86_64-debian-clang | 2.1.9 | 575.84 | 70.87 | 646.71 | OK | |
r-devel-linux-x86_64-debian-gcc | 2.1.9 | 415.89 | 85.34 | 501.23 | OK | |
r-devel-linux-x86_64-fedora-clang | 2.1.9 | 1033.98 | OK | |||
r-devel-linux-x86_64-fedora-gcc | 2.1.9 | 1056.87 | OK | |||
r-devel-windows-x86_64 | 2.1.9 | 461.00 | 141.00 | 602.00 | OK | |
r-patched-linux-x86_64 | 2.1.9 | 508.06 | 107.74 | 615.80 | OK | |
r-release-linux-x86_64 | 2.1.9 | 506.80 | 105.77 | 612.57 | OK | |
r-release-macos-arm64 | 2.1.9 | 192.00 | NOTE | |||
r-release-macos-x86_64 | 2.1.9 | 204.00 | NOTE | |||
r-release-windows-x86_64 | 2.1.9 | 585.00 | 164.00 | 749.00 | OK | |
r-oldrel-macos-arm64 | 2.1.9 | 165.00 | NOTE | |||
r-oldrel-macos-x86_64 | 2.1.9 | 271.00 | NOTE | |||
r-oldrel-windows-x86_64 | 2.1.9 | 596.00 | 144.00 | 740.00 | OK |
Version: 2.1.9
Check: installed package size
Result: NOTE
installed size is 38.9Mb
sub-directories of 1Mb or more:
libs 38.0Mb
Flavors: r-release-macos-arm64, r-release-macos-x86_64, r-oldrel-macos-arm64, r-oldrel-macos-x86_64