CRAN Package Check Results for Package Rlinsolve

Last updated on 2020-08-11 15:48:48 CEST.

Flavor Version Tinstall Tcheck Ttotal Status Flags
r-devel-linux-x86_64-debian-clang 0.3.1 322.62 68.36 390.98 OK
r-devel-linux-x86_64-debian-gcc 0.3.1 233.77 51.72 285.49 OK
r-devel-linux-x86_64-fedora-clang 0.3.1 560.23 NOTE
r-devel-linux-x86_64-fedora-gcc 0.3.1 484.67 NOTE
r-devel-windows-ix86+x86_64 0.3.1 672.00 145.00 817.00 OK
r-patched-linux-x86_64 0.3.1 245.70 66.33 312.03 OK
r-patched-solaris-x86 0.3.1 416.70 NOTE
r-release-linux-x86_64 0.3.1 246.38 65.92 312.30 OK
r-release-macos-x86_64 0.3.1 NOTE
r-release-windows-ix86+x86_64 0.3.1 678.00 115.00 793.00 OK
r-oldrel-macos-x86_64 0.3.1 NOTE
r-oldrel-windows-ix86+x86_64 0.3.1 445.00 138.00 583.00 OK

Check Details

Version: 0.3.1
Check: installed package size
Result: NOTE
     installed size is 27.2Mb
     sub-directories of 1Mb or more:
     libs 27.0Mb
Flavors: r-devel-linux-x86_64-fedora-clang, r-release-macos-x86_64, r-oldrel-macos-x86_64

Version: 0.3.1
Check: dependencies in R code
Result: NOTE
    Namespace in Imports field not imported from: ‘Rdpack’
     All declared Imports should be used.
Flavors: r-devel-linux-x86_64-fedora-clang, r-devel-linux-x86_64-fedora-gcc, r-patched-solaris-x86, r-release-macos-x86_64, r-oldrel-macos-x86_64