Last updated on 2023-12-04 05:09:18 CET.
Flavor | Version | Tinstall | Tcheck | Ttotal | Status | Flags |
---|---|---|---|---|---|---|
r-devel-linux-x86_64-debian-clang | 1.5.1 | 4.04 | 43.28 | 47.32 | OK | |
r-devel-linux-x86_64-debian-gcc | 1.5.1 | 3.54 | 32.46 | 36.00 | OK | |
r-devel-linux-x86_64-fedora-clang | 1.5.1 | 58.62 | NOTE | |||
r-devel-linux-x86_64-fedora-gcc | 1.5.1 | 56.43 | OK | |||
r-devel-windows-x86_64 | 1.5.1 | 4.00 | 57.00 | 61.00 | OK | |
r-patched-linux-x86_64 | 1.5.1 | 5.54 | 42.19 | 47.73 | OK | |
r-release-linux-x86_64 | 1.5.1 | 4.62 | 41.55 | 46.17 | OK | |
r-release-macos-arm64 | 1.5.1 | 24.00 | OK | |||
r-release-macos-x86_64 | 1.5.1 | 73.00 | OK | |||
r-release-windows-x86_64 | 1.5.1 | 6.00 | 63.00 | 69.00 | OK | |
r-oldrel-macos-arm64 | 1.5.1 | 38.00 | OK | |||
r-oldrel-macos-x86_64 | 1.4.5.3 | 42.00 | OK | |||
r-oldrel-windows-x86_64 | 1.5.1 | 6.00 | 64.00 | 70.00 | OK |
Version: 1.5.1
Check: Rd cross-references
Result: NOTE
Undeclared package ‘sp’ in Rd xrefs
Flavor: r-devel-linux-x86_64-fedora-clang