CRAN Package Check Results for Package Rglpk

Last updated on 2020-07-02 15:54:09 CEST.

Flavor Version Tinstall Tcheck Ttotal Status Flags
r-devel-linux-x86_64-debian-clang 0.6-4 4.23 21.90 26.13 OK
r-devel-linux-x86_64-debian-gcc 0.6-4 3.16 17.45 20.61 OK
r-devel-linux-x86_64-fedora-clang 0.6-4 41.14 NOTE
r-devel-linux-x86_64-fedora-gcc 0.6-4 31.23 OK
r-devel-windows-ix86+x86_64 0.6-4 17.00 61.00 78.00 OK
r-patched-linux-x86_64 0.6-4 3.51 21.87 25.38 OK
r-patched-solaris-x86 0.6-4 51.60 OK
r-release-linux-x86_64 0.6-4 3.92 21.93 25.85 OK
r-release-osx-x86_64 0.6-4 NOTE
r-release-windows-ix86+x86_64 0.6-4 12.00 42.00 54.00 OK
r-oldrel-osx-x86_64 0.6-4 NOTE
r-oldrel-windows-ix86+x86_64 0.6-4 1.00 5.00 6.00 ERROR

Check Details

Version: 0.6-4
Check: Rd cross-references
Result: NOTE
    Undeclared packages ‘lpSolve’, ‘ROI’, ‘Rsymphony’ in Rd xrefs
Flavor: r-devel-linux-x86_64-fedora-clang

Version: 0.6-4
Check: Rd cross-references
Result: NOTE
    Package unavailable to check Rd xrefs: ‘Rsymphony’
Flavors: r-release-osx-x86_64, r-oldrel-osx-x86_64

Version: 0.6-4
Check: whether package can be installed
Result: ERROR
    Installation failed.
Flavor: r-oldrel-windows-ix86+x86_64