CRAN Package Check Results for Package Rglpk

Last updated on 2024-03-05 04:57:48 CET.

Flavor Version Tinstall Tcheck Ttotal Status Flags
r-devel-linux-x86_64-debian-clang 0.6-5.1 5.19 26.44 31.63 OK
r-devel-linux-x86_64-debian-gcc 0.6-5.1 3.46 20.63 24.09 OK
r-devel-linux-x86_64-fedora-clang 0.6-5.1 42.73 NOTE
r-devel-linux-x86_64-fedora-gcc 0.6-5.1 39.69 OK
r-devel-windows-x86_64 0.6-5.1 16.00 48.00 64.00 OK
r-patched-linux-x86_64 0.6-5.1 4.69 26.55 31.24 OK
r-release-linux-x86_64 0.6-5.1 4.64 26.38 31.02 OK
r-release-macos-arm64 0.6-5.1 25.00 OK
r-release-macos-x86_64 0.6-5.1 78.00 OK
r-release-windows-x86_64 0.6-5.1 19.00 52.00 71.00 OK
r-oldrel-macos-arm64 0.6-5.1 26.00 OK
r-oldrel-windows-x86_64 0.6-5.1 8.00 68.00 76.00 OK

Check Details

Version: 0.6-5.1
Check: Rd cross-references
Result: NOTE Undeclared packages ‘lpSolve’, ‘ROI’, ‘Rsymphony’ in Rd xrefs Flavor: r-devel-linux-x86_64-fedora-clang