Last updated on 2025-01-19 04:49:05 CET.
Flavor | Version | Tinstall | Tcheck | Ttotal | Status | Flags |
---|---|---|---|---|---|---|
r-devel-linux-x86_64-debian-clang | 1.0.0 | 3.54 | 30.22 | 33.76 | NOTE | |
r-devel-linux-x86_64-debian-gcc | 1.0.0 | 2.75 | 22.55 | 25.30 | NOTE | |
r-devel-linux-x86_64-fedora-clang | 1.0.0 | 54.88 | NOTE | |||
r-devel-linux-x86_64-fedora-gcc | 1.0.0 | 50.97 | NOTE | |||
r-devel-windows-x86_64 | 1.0.0 | 6.00 | 52.00 | 58.00 | NOTE | |
r-patched-linux-x86_64 | 1.0.0 | 3.55 | 28.35 | 31.90 | NOTE | |
r-release-linux-x86_64 | 1.0.0 | 3.27 | 28.31 | 31.58 | NOTE | |
r-release-macos-arm64 | 1.0.0 | 17.00 | NOTE | |||
r-release-macos-x86_64 | 1.0.0 | 27.00 | NOTE | |||
r-release-windows-x86_64 | 1.0.0 | 6.00 | 52.00 | 58.00 | NOTE | |
r-oldrel-macos-arm64 | 1.0.0 | 20.00 | NOTE | |||
r-oldrel-macos-x86_64 | 1.0.0 | 29.00 | OK | |||
r-oldrel-windows-x86_64 | 1.0.0 | 7.00 | 54.00 | 61.00 | OK |
Version: 1.0.0
Check: Rd files
Result: NOTE
checkRd: (-1) saveRev.Rd:12: Lost braces; missing escapes or markup?
12 | \item{use_wd}{logical - If TRUE, the history will be prepended by setwd({'users current working directory'}). This function will set the script's working directory to
| ^
Flavors: r-devel-linux-x86_64-debian-clang, r-devel-linux-x86_64-debian-gcc, r-devel-linux-x86_64-fedora-clang, r-devel-linux-x86_64-fedora-gcc, r-devel-windows-x86_64, r-patched-linux-x86_64, r-release-linux-x86_64, r-release-macos-arm64, r-release-macos-x86_64, r-release-windows-x86_64
Version: 1.0.0
Check: package dependencies
Result: NOTE
Package suggested but not available for checking: ‘RevGadgets’
Flavor: r-oldrel-macos-arm64