CRAN Package Check Results for Package RevGadgets

Last updated on 2024-02-28 16:50:45 CET.

Flavor Version Tinstall Tcheck Ttotal Status Flags
r-devel-linux-x86_64-debian-clang 1.2.1 0.93 1.95 2.88 ERROR
r-devel-linux-x86_64-debian-gcc 1.2.1 12.39 113.13 125.52 OK
r-devel-linux-x86_64-fedora-clang 1.2.1 214.98 OK
r-devel-linux-x86_64-fedora-gcc 1.2.1 188.36 OK
r-devel-windows-x86_64 1.2.1 14.00 136.00 150.00 OK
r-patched-linux-x86_64 1.2.1 10.96 155.09 166.05 OK
r-release-linux-x86_64 1.2.1 0.57 1.80 2.37 ERROR
r-release-macos-arm64 1.2.1 58.00 OK
r-release-macos-x86_64 1.2.1 151.00 OK
r-release-windows-x86_64 1.2.1 17.00 166.00 183.00 OK
r-oldrel-macos-arm64 1.2.1 10.00 ERROR
r-oldrel-windows-x86_64 1.2.1 17.00 171.00 188.00 OK

Check Details

Version: 1.2.1
Check: package dependencies
Result: ERROR Package required but not available: ‘ggtree’ See section ‘The DESCRIPTION file’ in the ‘Writing R Extensions’ manual. Flavors: r-devel-linux-x86_64-debian-clang, r-release-linux-x86_64

Version: 1.2.1
Check: package dependencies
Result: ERROR Package required and available but unsuitable version: ‘ggtree’ See section ‘The DESCRIPTION file’ in the ‘Writing R Extensions’ manual. Flavor: r-oldrel-macos-arm64