CRAN Package Check Results for Package RestRserve

Last updated on 2020-08-10 06:47:39 CEST.

Flavor Version Tinstall Tcheck Ttotal Status Flags
r-devel-linux-x86_64-debian-clang 0.3.0 65.58 53.67 119.25 OK
r-devel-linux-x86_64-debian-gcc 0.3.0 52.83 42.15 94.98 OK
r-devel-linux-x86_64-fedora-clang 0.3.0 162.46 NOTE
r-devel-linux-x86_64-fedora-gcc 0.3.0 152.43 NOTE
r-devel-windows-ix86+x86_64 0.3.0 151.00 145.00 296.00 NOTE
r-patched-linux-x86_64 0.3.0 55.79 53.38 109.17 OK
r-release-linux-x86_64 0.3.0 61.24 53.24 114.48 OK
r-release-macos-x86_64 0.3.0 NOTE
r-release-windows-ix86+x86_64 0.3.0 151.00 138.00 289.00 NOTE
r-oldrel-macos-x86_64 0.3.0 NOTE
r-oldrel-windows-ix86+x86_64 0.3.0 115.00 94.00 209.00 OK

Check Details

Version: 0.3.0
Check: installed package size
Result: NOTE
     installed size is 7.2Mb
     sub-directories of 1Mb or more:
     libs 4.2Mb
     swagger 1.4Mb
Flavors: r-devel-linux-x86_64-fedora-clang, r-devel-windows-ix86+x86_64, r-release-macos-x86_64, r-release-windows-ix86+x86_64, r-oldrel-macos-x86_64

Version: 0.3.0
Check: dependencies in R code
Result: NOTE
    Namespace in Imports field not imported from: ‘Rserve’
     All declared Imports should be used.
Flavors: r-devel-linux-x86_64-fedora-clang, r-devel-linux-x86_64-fedora-gcc, r-release-macos-x86_64, r-oldrel-macos-x86_64