CRAN Package Check Results for Package RecordLinkage

Last updated on 2020-08-04 03:48:01 CEST.

Flavor Version Tinstall Tcheck Ttotal Status Flags
r-devel-linux-x86_64-debian-clang 0.4-12 0.65 2.62 3.27 ERROR
r-devel-linux-x86_64-debian-gcc 0.4-12 0.39 1.97 2.36 ERROR
r-devel-linux-x86_64-fedora-clang 0.4-12 10.71 ERROR
r-devel-linux-x86_64-fedora-gcc 0.4-12 2.53 ERROR
r-devel-windows-ix86+x86_64 0.4-12 55.00 265.00 320.00 OK
r-patched-linux-x86_64 0.4-12 0.63 2.51 3.14 ERROR
r-patched-solaris-x86 0.4-12 5.00 ERROR
r-release-linux-x86_64 0.4-12 0.58 2.71 3.29 ERROR
r-release-macos-x86_64 0.4-12 OK
r-release-windows-ix86+x86_64 0.4-12 63.00 300.00 363.00 ERROR
r-oldrel-macos-x86_64 0.4-12 OK
r-oldrel-windows-ix86+x86_64 0.4-12 12.00 6.00 18.00 ERROR

Check Details

Version: 0.4-12
Check: package dependencies
Result: ERROR
    Package required but not available: 'ffbase'
    
    See section 'The DESCRIPTION file' in the 'Writing R Extensions'
    manual.
Flavors: r-devel-linux-x86_64-debian-clang, r-devel-linux-x86_64-debian-gcc, r-devel-linux-x86_64-fedora-clang, r-devel-linux-x86_64-fedora-gcc, r-patched-linux-x86_64, r-patched-solaris-x86, r-release-linux-x86_64

Version: 0.4-12
Check: whether package can be installed
Result: ERROR
    Installation failed.
Flavors: r-release-windows-ix86+x86_64, r-oldrel-windows-ix86+x86_64