CRAN Package Check Results for Package Recon

Last updated on 2024-03-02 16:54:55 CET.

Flavor Version Tinstall Tcheck Ttotal Status Flags
r-devel-linux-x86_64-debian-clang 0.3.0.0 2.01 24.22 26.23 NOTE
r-devel-linux-x86_64-debian-gcc 0.3.0.0 1.71 18.35 20.06 NOTE
r-devel-linux-x86_64-fedora-clang 0.3.0.0 34.27 NOTE
r-devel-linux-x86_64-fedora-gcc 0.3.0.0 32.77 NOTE
r-devel-windows-x86_64 0.3.0.0 3.00 42.00 45.00 NOTE
r-patched-linux-x86_64 0.3.0.0 2.89 23.44 26.33 NOTE
r-release-linux-x86_64 0.3.0.0 2.65 23.39 26.04 NOTE
r-release-macos-arm64 0.3.0.0 16.00 NOTE
r-release-macos-x86_64 0.3.0.0 20.00 NOTE
r-release-windows-x86_64 0.3.0.0 4.00 42.00 46.00 NOTE
r-oldrel-macos-arm64 0.3.0.0 16.00 NOTE
r-oldrel-windows-x86_64 0.3.0.0 4.00 44.00 48.00 NOTE

Check Details

Version: 0.3.0.0
Check: LazyData
Result: NOTE 'LazyData' is specified without a 'data' directory Flavors: r-devel-linux-x86_64-debian-clang, r-devel-linux-x86_64-debian-gcc, r-devel-linux-x86_64-fedora-clang, r-devel-linux-x86_64-fedora-gcc, r-devel-windows-x86_64, r-patched-linux-x86_64, r-release-linux-x86_64, r-release-macos-arm64, r-release-macos-x86_64, r-release-windows-x86_64, r-oldrel-macos-arm64, r-oldrel-windows-x86_64