CRAN Package Check Results for Package RcppXts

Last updated on 2020-10-25 15:48:55 CET.

Flavor Version Tinstall Tcheck Ttotal Status Flags
r-devel-linux-x86_64-debian-clang 0.0.4 13.37 28.83 42.20 NOTE
r-devel-linux-x86_64-debian-gcc 0.0.4 10.62 22.45 33.07 NOTE
r-devel-linux-x86_64-fedora-clang 0.0.4 62.09 NOTE
r-devel-linux-x86_64-fedora-gcc 0.0.4 52.00 NOTE
r-devel-windows-ix86+x86_64 0.0.4 36.00 75.00 111.00 NOTE
r-patched-linux-x86_64 0.0.4 12.07 27.48 39.55 NOTE
r-patched-solaris-x86 0.0.4 71.50 NOTE
r-release-linux-x86_64 0.0.4 12.88 27.56 40.44 NOTE
r-release-macos-x86_64 0.0.4 NOTE
r-release-windows-ix86+x86_64 0.0.4 28.00 58.00 86.00 NOTE
r-oldrel-macos-x86_64 0.0.4 NOTE
r-oldrel-windows-ix86+x86_64 0.0.4 34.00 50.00 84.00 NOTE

Check Details

Version: 0.0.4
Check: dependencies in R code
Result: NOTE
    Package in Depends field not imported from: 'methods'
     These packages need to be imported from (in the NAMESPACE file)
     for when this namespace is loaded but not attached.
Flavors: r-devel-linux-x86_64-debian-clang, r-devel-linux-x86_64-debian-gcc, r-devel-linux-x86_64-fedora-clang, r-devel-linux-x86_64-fedora-gcc, r-devel-windows-ix86+x86_64, r-patched-linux-x86_64, r-patched-solaris-x86, r-release-linux-x86_64, r-release-macos-x86_64, r-release-windows-ix86+x86_64, r-oldrel-macos-x86_64, r-oldrel-windows-ix86+x86_64

Version: 0.0.4
Check: compiled code
Result: NOTE
    File ‘RcppXts/libs/RcppXts.so’:
     Found no calls to: ‘R_registerRoutines’, ‘R_useDynamicSymbols’
    
    It is good practice to register native routines and to disable symbol
    search.
    
    See ‘Writing portable packages’ in the ‘Writing R Extensions’ manual.
Flavors: r-devel-linux-x86_64-fedora-clang, r-devel-linux-x86_64-fedora-gcc