CRAN Package Check Results for Package RcppXsimd

Last updated on 2020-08-06 15:49:43 CEST.

Flavor Version Tinstall Tcheck Ttotal Status Flags
r-devel-linux-x86_64-debian-clang 7.1.4 21.71 51.45 73.16 OK
r-devel-linux-x86_64-debian-gcc 7.1.4 14.61 35.87 50.48 OK
r-devel-linux-x86_64-fedora-clang 7.1.4 98.92 OK
r-devel-linux-x86_64-fedora-gcc 7.1.4 81.59 OK
r-devel-windows-ix86+x86_64 7.1.4 59.00 77.00 136.00 ERROR
r-patched-linux-x86_64 7.1.4 17.25 44.04 61.29 OK
r-patched-solaris-x86 7.1.4 76.90 OK
r-release-linux-x86_64 7.1.4 18.71 42.99 61.70 OK
r-release-macos-x86_64 7.1.4 OK
r-release-windows-ix86+x86_64 7.1.4 56.00 95.00 151.00 ERROR
r-oldrel-macos-x86_64 7.1.4 OK
r-oldrel-windows-ix86+x86_64 7.1.4 39.00 99.00 138.00 OK

Check Details

Version: 7.1.4
Check: running tests for arch ‘x64’
Result: ERROR
     Running 'testthat.R' [2s]
    Running the tests in 'tests/testthat.R' failed.
    Complete output:
     > library(testthat)
     > library(RcppXsimd)
     >
     > test_check("RcppXsimd")
Flavor: r-devel-windows-ix86+x86_64

Version: 7.1.4
Check: running tests for arch ‘x64’
Result: ERROR
     Running 'testthat.R' [3s]
    Running the tests in 'tests/testthat.R' failed.
    Complete output:
     > library(testthat)
     > library(RcppXsimd)
     >
     > test_check("RcppXsimd")
Flavor: r-release-windows-ix86+x86_64