CRAN Package Check Results for Package RcppXPtrUtils

Last updated on 2020-08-09 15:47:55 CEST.

Flavor Version Tinstall Tcheck Ttotal Status Flags
r-devel-linux-x86_64-debian-clang 0.1.1 1.97 42.48 44.45 OK
r-devel-linux-x86_64-debian-gcc 0.1.1 1.58 30.14 31.72 OK
r-devel-linux-x86_64-fedora-clang 0.1.1 62.14 NOTE
r-devel-linux-x86_64-fedora-gcc 0.1.1 49.18 OK
r-devel-windows-ix86+x86_64 0.1.1 7.00 76.00 83.00 OK
r-patched-linux-x86_64 0.1.1 1.79 35.96 37.75 OK
r-patched-solaris-x86 0.1.1 82.80 OK
r-release-linux-x86_64 0.1.1 1.80 36.29 38.09 OK
r-release-macos-x86_64 0.1.1 OK
r-release-windows-ix86+x86_64 0.1.1 7.00 68.00 75.00 OK
r-oldrel-macos-x86_64 0.1.1 OK
r-oldrel-windows-ix86+x86_64 0.1.1 4.00 65.00 69.00 OK

Check Details

Version: 0.1.1
Check: Rd cross-references
Result: NOTE
    Undeclared package ‘inline’ in Rd xrefs
Flavor: r-devel-linux-x86_64-fedora-clang