CRAN Package Check Results for Package RcppTOML

Last updated on 2020-08-13 15:51:17 CEST.

Flavor Version Tinstall Tcheck Ttotal Status Flags
r-devel-linux-x86_64-debian-clang 0.1.6 35.51 24.87 60.38 OK
r-devel-linux-x86_64-debian-gcc 0.1.6 30.43 19.65 50.08 OK
r-devel-linux-x86_64-fedora-clang 0.1.6 85.27 NOTE
r-devel-linux-x86_64-fedora-gcc 0.1.6 81.22 NOTE
r-devel-windows-ix86+x86_64 0.1.6 88.00 64.00 152.00 OK
r-patched-linux-x86_64 0.1.6 32.84 24.60 57.44 OK
r-patched-solaris-x86 0.1.6 89.00 OK
r-release-linux-x86_64 0.1.6 30.17 24.79 54.96 OK
r-release-macos-x86_64 0.1.6 OK
r-release-windows-ix86+x86_64 0.1.6 68.00 66.00 134.00 OK
r-oldrel-macos-x86_64 0.1.6 OK
r-oldrel-windows-ix86+x86_64 0.1.6 66.00 72.00 138.00 OK

Check Details

Version: 0.1.6
Check: top-level files
Result: NOTE
    ‘cleanup’: /bin/bash is not portable
Flavors: r-devel-linux-x86_64-fedora-clang, r-devel-linux-x86_64-fedora-gcc