CRAN Package Check Results for Package RcppEigen

Last updated on 2020-07-09 04:49:40 CEST.

Flavor Version Tinstall Tcheck Ttotal Status Flags
r-devel-linux-x86_64-debian-clang 0.3.3.7.0 79.06 73.23 152.29 OK
r-devel-linux-x86_64-debian-gcc 0.3.3.7.0 61.85 59.57 121.42 OK
r-devel-linux-x86_64-fedora-clang 0.3.3.7.0 209.26 NOTE
r-devel-linux-x86_64-fedora-gcc 0.3.3.7.0 201.87 OK
r-devel-windows-ix86+x86_64 0.3.3.7.0 136.00 391.00 527.00 NOTE
r-patched-linux-x86_64 0.3.3.7.0 72.33 74.88 147.21 OK
r-patched-solaris-x86 0.3.3.7.0 331.80 NOTE
r-release-linux-x86_64 0.3.3.7.0 74.11 75.03 149.14 OK
r-release-osx-x86_64 0.3.3.7.0 NOTE
r-release-windows-ix86+x86_64 0.3.3.7.0 144.00 350.00 494.00 NOTE
r-oldrel-osx-x86_64 0.3.3.7.0 NOTE
r-oldrel-windows-ix86+x86_64 0.3.3.7.0 141.00 396.00 537.00 NOTE

Check Details

Version: 0.3.3.7.0
Check: installed package size
Result: NOTE
     installed size is 32.7Mb
     sub-directories of 1Mb or more:
     include 7.9Mb
     libs 24.1Mb
Flavors: r-devel-linux-x86_64-fedora-clang, r-devel-windows-ix86+x86_64, r-patched-solaris-x86, r-release-osx-x86_64, r-release-windows-ix86+x86_64, r-oldrel-osx-x86_64, r-oldrel-windows-ix86+x86_64