CRAN Package Check Results for Package RcppClassic

Last updated on 2020-08-15 03:48:16 CEST.

Flavor Version Tinstall Tcheck Ttotal Status Flags
r-devel-linux-x86_64-debian-clang 0.9.12 100.33 27.37 127.70 OK
r-devel-linux-x86_64-debian-gcc 0.9.12 60.41 22.03 82.44 OK
r-devel-linux-x86_64-fedora-clang 0.9.12 181.62 NOTE
r-devel-linux-x86_64-fedora-gcc 0.9.12 147.23 OK
r-devel-windows-ix86+x86_64 0.9.12 231.00 154.00 385.00 OK
r-patched-linux-x86_64 0.9.12 61.37 27.09 88.46 OK
r-patched-solaris-x86 0.9.12 202.50 OK
r-release-linux-x86_64 0.9.12 62.66 27.11 89.77 OK
r-release-macos-x86_64 0.9.12 WARN
r-release-windows-ix86+x86_64 0.9.12 228.00 149.00 377.00 OK
r-oldrel-macos-x86_64 0.9.12 WARN
r-oldrel-windows-ix86+x86_64 0.9.12 159.00 188.00 347.00 OK

Check Details

Version: 0.9.12
Check: installed package size
Result: NOTE
     installed size is 7.0Mb
     sub-directories of 1Mb or more:
     lib 5.0Mb
     libs 1.6Mb
Flavor: r-devel-linux-x86_64-fedora-clang

Version: 0.9.12
Check: whether package can be installed
Result: WARN
    Found the following significant warnings:
     WARNING: shared objects/dynamic libraries with hard-coded temporary installation paths
Flavors: r-release-macos-x86_64, r-oldrel-macos-x86_64