CRAN Package Check Results for Package RcppArmadillo

Last updated on 2020-07-14 16:48:05 CEST.

Flavor Version Tinstall Tcheck Ttotal Status Flags
r-devel-linux-x86_64-debian-clang 0.9.900.1.0 51.15 43.06 94.21 OK
r-devel-linux-x86_64-debian-gcc 0.9.900.1.0 34.55 33.57 68.12 OK
r-devel-linux-x86_64-fedora-clang 0.9.900.1.0 129.25 NOTE
r-devel-linux-x86_64-fedora-gcc 0.9.900.1.0 118.94 OK
r-devel-windows-ix86+x86_64 0.9.900.1.0 124.00 561.00 685.00 NOTE
r-patched-linux-x86_64 0.9.900.1.0 36.70 42.91 79.61 OK
r-patched-solaris-x86 0.9.900.1.0 316.40 NOTE
r-release-linux-x86_64 0.9.900.1.0 37.67 42.36 80.03 OK
r-release-macos-x86_64 0.9.900.1.0 ERROR
r-release-windows-ix86+x86_64 0.9.900.1.0 127.00 404.00 531.00 NOTE
r-oldrel-macos-x86_64 0.9.900.1.0 NOTE
r-oldrel-windows-ix86+x86_64 0.9.900.1.0 107.00 537.00 644.00 NOTE

Check Details

Version: 0.9.900.1.0
Check: installed package size
Result: NOTE
     installed size is 9.1Mb
     sub-directories of 1Mb or more:
     include 6.1Mb
     libs 1.9Mb
Flavors: r-devel-linux-x86_64-fedora-clang, r-devel-windows-ix86+x86_64, r-patched-solaris-x86, r-release-windows-ix86+x86_64, r-oldrel-macos-x86_64, r-oldrel-windows-ix86+x86_64

Version: 0.9.900.1.0
Check: whether package can be installed
Result: ERROR
    Installation failed.
Flavor: r-release-macos-x86_64