CRAN Package Check Results for Package RcmdrPlugin.TeachingDemos

Last updated on 2020-08-06 15:49:43 CEST.

Flavor Version Tinstall Tcheck Ttotal Status Flags
r-devel-linux-x86_64-debian-clang 1.1-0 16.37 120.95 137.32 OK
r-devel-linux-x86_64-debian-gcc 1.1-0 14.09 92.35 106.44 OK
r-devel-linux-x86_64-fedora-clang 1.1-0 175.07 OK
r-devel-linux-x86_64-fedora-gcc 1.1-0 165.61 OK
r-devel-windows-ix86+x86_64 1.1-0 82.00 153.00 235.00 OK
r-patched-linux-x86_64 1.1-0 14.70 118.68 133.38 OK
r-patched-solaris-x86 1.1-0 283.90 OK
r-release-linux-x86_64 1.1-0 15.02 117.95 132.97 OK
r-release-macos-x86_64 1.1-0 OK
r-release-windows-ix86+x86_64 1.1-0 46.00 285.00 331.00 OK
r-oldrel-macos-x86_64 1.1-0 FAIL
r-oldrel-windows-ix86+x86_64 1.1-0 47.00 149.00 196.00 OK

Check Details

Version: 1.1-0
Check: whether package can be installed
Result: WARN
    Found the following significant warnings:
     Warning: 'rgl_init' failed, running with rgl.useNULL = TRUE
     Warning: loading Rplot failed
Flavor: r-oldrel-macos-x86_64

Version: 1.1-0
Check: whether the namespace can be loaded with stated dependencies
Result: FAIL
Flavor: r-oldrel-macos-x86_64